st common divisor of 15 and 2280?
15
What is the highest common factor of 279 and 18?
9
Calculate the highest common factor of 90 and 2670.
30
What is the highest common factor of 24 and 196?
4
What is the highest common factor of 11009 and 101?
101
What is the highest common factor of 10 and 410?
10
Calculate the greatest common divisor of 77 and 99.
11
What is the highest common divisor of 37 and 999?
37
What is the greatest common factor of 423 and 282?
141
What is the greatest common divisor of 119 and 153?
17
What is the highest common divisor of 736 and 272?
16
Calculate the highest common divisor of 80 and 820.
20
Calculate the greatest common factor of 160 and 1780.
20
Calculate the greatest common divisor of 143 and 104.
13
Calculate the highest common factor of 18 and 9423.
9
Calculate the highest common divisor of 10 and 1090.
10
Calculate the highest common divisor of 567 and 1554.
21
What is the highest common factor of 3325 and 70?
35
Calculate the greatest common factor of 1739 and 188.
47
Calculate the greatest common factor of 266 and 14.
14
Calculate the highest common divisor of 270 and 54.
54
What is the greatest common divisor of 14 and 2?
2
Calculate the highest common factor of 51 and 249.
3
Calculate the highest common divisor of 2001 and 23.
23
What is the greatest common divisor of 56 and 3584?
56
What is the greatest common factor of 242 and 946?
22
Calculate the greatest common factor of 132 and 330.
66
Calculate the highest common factor of 332 and 1577.
83
Calculate the greatest common factor of 47 and 19928.
47
What is the highest common factor of 30 and 1455?
15
Calculate the highest common factor of 34 and 17.
17
Calculate the greatest common divisor of 5 and 335.
5
What is the highest common divisor of 2314 and 78?
26
What is the greatest common divisor of 47 and 517?
47
What is the highest common factor of 6 and 6?
6
What is the greatest common divisor of 252 and 14?
14
Calculate the greatest common factor of 24 and 249.
3
What is the greatest common factor of 23260 and 40?
20
What is the highest common factor of 250 and 8150?
50
What is the highest common divisor of 155 and 5?
5
Calculate the highest common factor of 828 and 36.
36
What is the highest common factor of 66 and 1056?
66
Calculate the greatest common factor of 33 and 7997.
11
Calculate the greatest common divisor of 2288 and 32.
16
Calculate the highest common factor of 62 and 1643.
31
Calculate the highest common divisor of 262 and 1441.
131
Calculate the greatest common factor of 345 and 10.
5
Calculate the highest common factor of 3010 and 140.
70
What is the highest common divisor of 252 and 36?
36
What is the highest common factor of 397 and 1?
1
Calculate the greatest common divisor of 126 and 77.
7
What is the greatest common factor of 2739 and 22?
11
What is the highest common factor of 146 and 292?
146
What is the greatest common factor of 261 and 117?
9
What is the greatest common divisor of 21 and 1407?
21
Calculate the highest common factor of 30 and 2535.
15
What is the greatest common factor of 15 and 40?
5
What is the greatest common factor of 40 and 460?
20
Calculate the greatest common divisor of 280 and 35.
35
Calculate the highest common divisor of 516 and 108.
12
Calculate the highest common factor of 24 and 1200.
24
Calculate the greatest common factor of 1073 and 377.
29
What is the greatest common divisor of 8 and 1304?
8
Calculate the highest common factor of 27 and 186.
3
What is the highest common factor of 15 and 735?
15
What is the greatest common divisor of 22 and 11?
11
What is the highest common factor of 52 and 91?
13
What is the greatest common divisor of 51 and 2754?
51
Calculate the highest common divisor of 3 and 21.
3
Calculate the greatest common factor of 261 and 841.
29
What is the greatest common divisor of 96 and 60?
12
What is the greatest common factor of 4503 and 171?
57
What is the highest common factor of 682 and 2?
2
What is the greatest common divisor of 6 and 30?
6
What is the highest common divisor of 150 and 24?
6
What is the highest common divisor of 63 and 7?
7
What is the greatest common factor of 130 and 234?
26
Calculate the greatest common factor of 341 and 31.
31
Calculate the highest common factor of 2139 and 552.
69
Calculate the greatest common divisor of 38 and 95.
19
Calculate the greatest common divisor of 780 and 120.
60
Calculate the greatest common factor of 1144 and 66.
22
Calculate the highest common divisor of 4 and 232.
4
What is the highest common divisor of 28 and 140?
28
Calculate the highest common factor of 31 and 341.
31
What is the greatest common factor of 316 and 4266?
158
What is the highest common factor of 72 and 216?
72
What is the highest common factor of 2106 and 312?
78
Calculate the highest common divisor of 115 and 92.
23
Calculate the greatest common divisor of 370 and 640.
10
What is the highest common divisor of 143 and 396?
11
Calculate the highest common divisor of 77 and 2079.
77
What is the highest common divisor of 11 and 99?
11
What is the highest common divisor of 108 and 846?
18
Calculate the greatest common divisor of 36 and 1278.
18
What is the greatest common factor of 14623 and 7?
7
Calculate the highest common divisor of 165 and 121.
11
Calculate the highest common factor of 48 and 88.
8
What is the greatest common divisor of 8 and 18?
2
Calculate the highest common divisor of 175 and 8015.
35
Calculate the highest common factor of 129 and 3.
3
What is the highest common factor of 73 and 949?
73
Calculate the greatest common factor of 755 and 1.
1
Calculate the highest common divisor of 159 and 1219.
53
Calculate the greatest common divisor of 37 and 407.
37
Calculate the highest common divisor of 2520 and 14.
14
Calculate the greatest common divisor of 80 and 112.
16
Calculate the highest common factor of 68 and 306.
34
Calculate the greatest common divisor of 603 and 18.
9
What is the highest common divisor of 638 and 66?
22
Calculate the highest common divisor of 1177 and 321.
107
What is the highest common divisor of 620 and 60?
20
Calculate the greatest common divisor of 272 and 144.
16
What is the highest common factor of 836 and 152?
76
What is the highest common factor of 17 and 96?
1
What is the greatest common divisor of 707 and 505?
101
What is the highest common factor of 2352 and 49?
49
What is the highest common factor of 56163 and 291?
291
Calculate the highest common factor of 432 and 27.
27
What is the greatest common factor of 104 and 130?
26
What is the highest common factor of 700 and 112?
28
Calculate the greatest common divisor of 14878 and 86.
86
Calculate the highest common factor of 17 and 289.
17
Calculate the greatest common divisor of 49182 and 42.
42
What is the greatest common divisor of 1557 and 9?
9
Calculate the highest common factor of 204 and 48.
12
What is the greatest common factor of 88 and 286?
22
Calculate the highest common factor of 45 and 60.
15
Calculate the greatest common divisor of 4128 and 1161.
129
What is the highest common factor of 86 and 3698?
86
Calculate the highest common divisor of 728 and 1512.
56
What is the greatest common factor of 962 and 26?
26
Calculate the highest common divisor of 10270 and 130.
130
Calculate the greatest common divisor of 774 and 288.
18
Calculate the greatest common factor of 58 and 1566.
58
Calculate the highest common divisor of 810 and 80.
10
What is the greatest common divisor of 31 and 3968?
31
Calculate the greatest common factor of 266 and 2702.
14
Calculate the greatest common divisor of 6878 and 905.
181
Calculate the greatest common factor of 1472 and 92.
92
Calculate the highest common divisor of 272 and 102.
34
Calculate the greatest common divisor of 5 and 8.
1
What is the greatest common factor of 104 and 8?
8
Calculate the greatest common divisor of 376 and 2160.
8
Calculate the highest common divisor of 320 and 560.
80
What is the highest common divisor of 948 and 228?
12
What is the greatest common divisor of 592 and 22200?
296
What is the greatest common divisor of 19 and 2793?
19
What is the greatest common factor of 103 and 3?
1
What is the greatest common factor of 1692 and 18?
18
Calculate the greatest common factor of 1568 and 189